7?
163363
Convert 4231624 (base 7) to base 4.
1331001010
What is 10011110001111001010 (base 2) in base 4?
2132033022
Convert -c6c0c (base 14) to base 9.
-811163
Convert 10331 (base 4) to base 2.
100111101
Convert 3413342 (base 6) to base 4.
222101132
36082 (base 11) to base 6
1040423
Convert -232032 (base 5) to base 11.
-633a
Convert 10010100111101100000 (base 2) to base 5.
124011034
Convert 589c5 (base 13) to base 14.
430bd
-110011100010000011 (base 2) to base 9
-351477
What is -4a160 (base 11) in base 13?
-26a52
Convert -34514321 (base 6) to base 15.
-1614cd
211551555 (base 6) to base 7
43501226
Convert -9e767 (base 15) to base 6.
-14451511
Convert -614896 (base 12) to base 4.
-11303203302
Convert 110010011111111 (base 2) to base 3.
1022110121
What is -23113023230 (base 4) in base 16?
-2d72ec
Convert -9a5896 (base 13) to base 8.
-15704633
What is 116305 (base 8) in base 11?
28175
What is -20200200121221 (base 3) in base 12?
-1236207
Convert 333120033 (base 4) to base 8.
773017
Convert -1100110111111100110 (base 2) to base 5.
-101444422
What is -1ca2852 (base 13) in base 14?
-13b2d92
What is 2152522 (base 6) in base 13?
3a328
Convert -4088160 (base 9) to base 15.
-2d2299
What is -12355036 (base 7) in base 5?
-241414014
332467 (base 9) to base 11
1262a2
Convert c64ac2 (base 13) to base 3.
22201121110221
What is 3233332 (base 5) in base 14?
162dd
What is 14524375 (base 8) in base 13?
8c3244
Convert -212441023 (base 5) to base 8.
-3351043
34137207 (base 8) to base 6
422211235
-9324881 (base 10) to base 3
-122112202022222
88b664 (base 14) to base 13
c66794
Convert 3598390 (base 11) to base 16.
5f9021
51644504 (base 7) to base 16
425627
-93e9 (base 15) to base 12
-16119
Convert 3750216 (base 9) to base 5.
1010300043
What is -9319 (base 15) in base 12?
-15b96
-10100111110010011 (base 2) to base 7
-505313
What is -132524024 (base 6) in base 13?
-71c677
Convert 3aa89a (base 12) to base 16.
ed676
-203301033 (base 4) to base 5
-14142021
What is 23102145 (base 7) in base 15?
29cc23
Convert -16dd5 (base 14) to base 3.
-2221000220
-344732 (base 8) to base 12
-579b6
What is -205877 (base 10) in base 15?
-41002
Convert 15575d3 (base 14) to base 6.
1011324101
645065 (base 7) to base 2
11011011001010000
Convert -144989 (base 15) to base 13.
-282c27
Convert 22212200201 (base 3) to base 16.
2aa90
What is 2230100331 (base 4) in base 9?
1284806
What is -545081 (base 16) in base 10?
-5525633
What is 210113223 (base 4) in base 10?
148971
Convert -67c543 (base 13) to base 16.
-2575a5
-153522045 (base 6) to base 11
-1928205
Convert -4440153 (base 6) to base 7.
-1616043
Convert -11423207 (base 8) to base 6.
-125331051
Convert 214120020 (base 5) to base 7.
10605316
What is -240332323 (base 5) in base 6?
-35405150
What is 86bb69 (base 13) in base 6?
151521503
What is -213322012 (base 4) in base 9?
-268204
What is -117774 (base 9) in base 12?
-35357
2014200300 (base 5) to base 9
7556845
Convert -23102120002 (base 4) to base 8.
-13223002
be2b5e (base 16) to base 6
1123042450
15980 (base 12) to base 4
13200300
What is -103231103013 (base 4) in base 14?
-986a7d
Convert 3442022000 (base 5) to base 12.
2726a45
Convert -1c01b67 (base 14) to base 5.
-12040112130
-427b (base 12) to base 5
-213140
Convert -2228aa1 (base 12) to base 10.
-6526489
Convert 5084858 (base 9) to base 14.
508b5c
Convert -127fa (base 16) to base 14.
-1d882
What is 4052215 (base 7) in base 11?
300202
-19b1546 (base 12) to base 16
-5340c6
What is 253520255 (base 6) in base 14?
92865d
Convert -396778 (base 10) to base 12.
-17174a
What is -2004533 (base 6) in base 15?
-1ce6c
Convert 2302021033 (base 4) to base 3.
1101001221011
343126 (base 9) to base 14
54d59
What is -1034561 (base 9) in base 13?
-16550b
What is 26b140 (base 15) in base 12?
758406
100010111101100100100 (base 2) to base 5
243130021
Convert -28602 (base 13) to base 11.
-51981
255410 (base 6) to base 2
101101011011110
What is 28d4 (base 15) in base 5?
234444
-272a42 (base 13) to base 14
-1a9a0b
1210201202101 (base 3) to base 11
5a5717
What is -109884 (base 10) in base 8?
-326474
Convert 41cf35 (base 16) to base 13.
b80105
367112 (base 8) to base 5
13022123
-1010011111011011110 (base 2) to base 16
-53ede
-101111333233 (base 4) to base 3
-22112222200111
Convert 8342c7 (base 13) to base 8.
13542744
Convert -42400500 (base 6) to base 11.
-77a989
What is 23ba48 (base 12) in base 13?
174224
Convert -23151525 (base 6) to base 8.
-2563415
What is -16bc (base 15) in base 4?
-1030212
13005569 (base 10) to base 13
2904905
-11002021020111 (base 3) to base 9
-4067214
Convert -40107004 (base 8) to base 12.
-29a3684
What is 1003030133 (base 4) in base 11?
178870
Convert 2003030100 (base 4) to base 10.
537360
What is -22221122002 (base 3) in base 12?
-85b32
What is -40303431 (base 5) in base 12?
-13667a
-223530351 (base 6) to base 14
-78ac67
What is 11640 (base 15) in base 12?
28096
42133410 (base 5) to base 15
6d720
Convert -1c8655 (base 14) to base 11.
-638949
10129034 (base 10) to base 14
14b94a6
Convert 1056206 (base 7) to base 12.
64348
Convert -806 (base 16) to base 7.
-5663
-100444440 (base 5) to base 16
-632e5
Convert 466cb (base 16) to base 14.
771a3
Convert -202802 (base 12) to base 6.
-14433202
Convert c178b (base 13) to base 14.
90267
What is 881771 (base 9) in base 7?
4321141
What is 580 (base 10) in base 6?
2404
Convert -10001000000100000110000 (base 2) to base 14.
-840b96
What is -1100100001010101100 (base 2) in base 8?
-1441254
Convert 481ea (base 16) to base 9.
500184
Convert 13a21a (base 15) to base 12.
397197
Convert -689336 (base 10) to base 2.
-10101000010010111000
20542615 (base 8) to base 12
1570465
1221212100020 (base 3) to base 15
15848c
Convert 2132213340 (base 5) to base 16.
45baf5
Convert 3147624 (base 8) to base 7.
10064506
What is 510452 (base 6) in base 11?
28354
What is 1134241243 (base 5) in base 3?
11222121112100
Convert 101000000001100001101101 (base 2) to base 6.
1012514045
101011100111100100111010 (base 2) to base 13
24a4675
Convert a958 (base 12) to base 2.
100100011010100
Convert a45d15 (base 14) to base 4.
111022202133
521344041 (base 6) to base 11
5110426
Convert 135065 (base 10) to base 11.
92527
Convert -13101212112 (base 4) to base 6.
-104513050
Convert -10022124 (base 7) to base 5.
-203012343
-a4434 (base 13) to base 15
-5c697
Convert 1186084 (base 15) to base 14.
1954c10
Convert -12fb3 (base 16) to base 6.
-1355535
What is -c4 (base 15) in base 8?
-270
1000100100100010101101 (base 2) to base 15
2e5ad9
What is -100100102102 (base 3) in base 12?
-8a5a8
-295bb (base 16) to base 4
-221112323
What is -8880840 (base 9) in base 2?
-10010001110010010000100
What is 232506 (base 10) in base 8?
706072
What is 2129280 (base 10) in base 9?
4004736
4b8a7 (base 15) to base 9
407344
Convert 100101110011011110101 (base 2) to base 6.
42315021
What is -1792ba (base 12) in base 2?
-1100100000101101110
What is 142192 (base 12) in base 4?
1101321332
-10ac3 (base 16) to base 11
-47343
Convert -15862 (base 12) to base 13.
-10c10
What is 25b18c (base 13) in base 3?
1201020001220
-500133 (base 8) to base 9
-268775
Convert 95a070 (base 16) to base 14.
1433840
2ac4c (base 14) to base 16
1a0c4
-3424421 (base 5) to base 13
-21b46
What is -210300222 (base 4) in base 5?
-14304240
Convert -d8d1d (base 15) to base 8.
-2477716
What is -101110101110110110 (base 2) in base 8?
-565666
Convert 1110001010010011111 (base 2) to base 8.
1612237
What is 6db48 (base 15) in base 8?
1253730
-103223231021 (base 4) to base 11
-2a04665
Convert 128471 (base 10) to base 3.
20112020012
Convert 2cd22 (base 15) to base 7.
1141613
What is -5a3d0 (base 14) in base 16?
-35c82
What is 24052143 (base 8) in base 14?
9b0787
What is -1414534 (base 7) in base 4?
-232013320
Convert -1aeab (base 15) to base 13.
-30bb1
Convert 299a603 (base 11) to base 6.
302044501
What is 4014212 (base 5) in base 12?
30a2a
What is -2545575 (base 8) in base 14?
-145b65
What is -44202015 (base 7) in base 14?
-70c70c
Convert 21639b1 (base 12) to base 8.
30165725
What is 2b9875 (base 12) in base 10?
742553
Convert 110443301 (base 5) to base 4.
1312031221
Convert -11001101000001110000 (base 2) to base 4.
-3031001300
-11dd8 (base 16) to base 5
-4320201
Convert 211235662 (base 7) to base 4.
23323301